2321?
True
Does 10 divide 410?
True
Is 13800 a multiple of 138?
True
Is 8 a factor of 112?
True
Is 14 a factor of 9679?
False
Is 18550 a multiple of 25?
True
Is 46218 a multiple of 178?
False
Is 5 a factor of 540?
True
Does 42 divide 462?
True
Is 7 a factor of 1151?
False
Is 24 a factor of 57119?
False
Does 46 divide 3680?
True
Does 9 divide 261?
True
Does 22 divide 4378?
True
Does 95 divide 174800?
True
Is 5 a factor of 476?
False
Is 61 a factor of 11529?
True
Does 11 divide 5071?
True
Is 477 a multiple of 8?
False
Is 119 a multiple of 119?
True
Is 44 a factor of 1908?
False
Does 79 divide 28913?
False
Is 133 a factor of 2094?
False
Is 53 a factor of 37948?
True
Is 13881 a multiple of 42?
False
Is 18 a factor of 2559?
False
Is 20 a factor of 1020?
True
Does 6 divide 3251?
False
Does 21 divide 9597?
True
Is 750 a multiple of 15?
True
Is 1428 a multiple of 84?
True
Is 429 a multiple of 8?
False
Does 17 divide 493?
True
Does 23 divide 2668?
True
Does 29 divide 9269?
False
Is 2 a factor of 533?
False
Is 24 a factor of 5136?
True
Does 188 divide 1174?
False
Is 72 a factor of 936?
True
Is 42 a multiple of 4?
False
Is 8 a factor of 1137?
False
Does 4 divide 21?
False
Does 15 divide 6915?
True
Is 14350 a multiple of 5?
True
Is 505 even?
False
Is 10 a factor of 2203?
False
Does 14 divide 685?
False
Is 196 a factor of 12936?
True
Does 8 divide 1664?
True
Is 6 a factor of 1134?
True
Is 270 a multiple of 15?
True
Is 780 a multiple of 39?
True
Does 8 divide 3224?
True
Is 22236 a multiple of 143?
False
Is 11 a factor of 39666?
True
Is 124 a factor of 34720?
True
Does 17 divide 15366?
False
Is 17270 a multiple of 41?
False
Does 16 divide 2840?
False
Is 7315 a multiple of 55?
True
Is 12 a factor of 16690?
False
Does 46 divide 1650?
False
Is 207 a multiple of 7?
False
Is 7896 a multiple of 24?
True
Does 16 divide 56?
False
Is 17 a factor of 8007?
True
Does 14 divide 2086?
True
Is 105 a factor of 6213?
False
Is 67856 a multiple of 16?
True
Is 17973 a multiple of 14?
False
Does 77 divide 1225?
False
Does 24 divide 12160?
False
Is 18660 a multiple of 8?
False
Is 1320 a multiple of 13?
False
Is 840 a multiple of 24?
True
Is 360 a multiple of 5?
True
Does 33 divide 33935?
False
Is 7658 a multiple of 14?
True
Does 42 divide 127638?
True
Does 205 divide 28204?
False
Does 7 divide 1228?
False
Is 933 a multiple of 78?
False
Does 21 divide 50720?
False
Does 3 divide 2091?
True
Does 10 divide 402?
False
Does 121 divide 49368?
True
Is 106 a factor of 30210?
True
Is 1380 a multiple of 25?
False
Is 10949 a multiple of 35?
False
Does 9 divide 615?
False
Does 38 divide 17190?
False
Is 19 a factor of 1252?
False
Does 84 divide 924?
True
Does 57 divide 6706?
False
Is 17 a factor of 9287?
False
Does 2 divide 2465?
False
Is 38 a factor of 1080?
False
Does 24 divide 890?
False
Does 12 divide 3102?
False
Is 10821 a multiple of 18?
False
Is 1642 a multiple of 14?
False
Is 38 a factor of 1761?
False
Is 13 a factor of 4618?
False
Does 32 divide 192?
True
Is 11 a factor of 5864?
False
Is 33829 a multiple of 26?
False
Is 156 a factor of 4055?
False
Is 281 a factor of 59847?
False
Is 16123 a multiple of 23?
True
Is 82 a factor of 2022?
False
Is 342 a factor of 82080?
True
Is 705 a multiple of 22?
False
Is 402 a multiple of 67?
True
Does 27 divide 989?
False
Is 612 a multiple of 3?
True
Is 1377 a multiple of 11?
False
Does 12 divide 4932?
True
Is 141 a factor of 10293?
True
Is 15 a factor of 1395?
True
Is 3940 a multiple of 20?
True
Does 47 divide 7003?
True
Is 148 a factor of 56306?
False
Does 30 divide 97170?
True
Is 1733 a multiple of 31?
False
Is 135 a factor of 25110?
True
Is 141 a factor of 2529?
False
Does 9 divide 15282?
True
Is 1000 a multiple of 50?
True
Is 10 a factor of 490?
True
Is 1590 a multiple of 10?
True
Is 2592 a multiple of 46?
False
Is 14820 a multiple of 19?
True
Is 67 a factor of 22646?
True
Is 826 a multiple of 7?
True
Does 31 divide 394?
False
Does 21 divide 14615?
False
Is 54 a factor of 1728?
True
Is 6 a factor of 2960?
False
Is 63 a factor of 16553?
False
Is 27 a factor of 6535?
False
Is 248 a multiple of 7?
False
Does 4 divide 326?
False
Is 209 a multiple of 2?
False
Is 1646 a multiple of 9?
False
Is 7376 a multiple of 4?
True
Is 189 a factor of 3839?
False
Does 35 divide 11165?
True
Is 46382 a multiple of 13?
False
Does 5 divide 44?
False
Does 43 divide 1075?
True
Is 44 a factor of 490?
False
Is 177 a factor of 27966?
True
Is 11412 a multiple of 13?
False
Does 44 divide 27324?
True
Is 5593 a multiple of 6?
False
Is 48 a factor of 912?
True
Is 11 a factor of 3927?
True
Is 10 a factor of 250?
True
Is 4366 a multiple of 63?
False
Does 7 divide 1649?
False
Does 7 divide 46?
False
Does 39 divide 624?
True
Does 10 divide 2717?
False
Is 70 a multiple of 14?
True
Does 22 divide 1848?
True
Is 23 a factor of 10373?
True
Does 3 divide 173?
False
Is 22900 a multiple of 9?
False
Does 54 divide 6480?
True
Is 227 a factor of 132792?
False
Is 1170 a multiple of 49?
False
Does 2 divide 31?
False
Does 30 divide 6300?
True
Is 3 a factor of 16?
False
Does 35 divide 21875?
True
Is 6392 a multiple of 68?
True
Is 6661 a multiple of 121?
False
Is 10 a factor of 2851?
False
Is 7 a factor of 4184?
False
Is 1664 a multiple of 8?
True
Is 1166 a multiple of 33?
False
Does 29 divide 11245?
False
Is 1202 a multiple of 29?
False
Is 10 a factor of 2228?
False
Is 47 a factor of 24197?
False
Is 9 a factor of 29043?
True
Is 4212 a multiple of 81?
True
Does 11 divide 484?
True
Does 13 divide 4459?
True
Is 25 a factor of 1500?
True
Is 30 a factor of 453?
False
Does 61 divide 305?
True
Is 2695 a multiple of 35?
True
Is 798 a multiple of 6?
True
Is 9 a factor of 10467?
True
Is 43 a factor of 2405?
False
Does 80 divide 8825?
False
Does 9 divide 7056?
True
Does 30 divide 3450?
True
Does 36 divide 42195?
False
Is 3540 a multiple of 20?
True
Is 27074 a multiple of 15?
False
Is 69 a multiple of 23?
True
Does 32 divide 920?
False
Is 373 a multiple of 63?
False
Is 2214 a multiple of 123?
True
Is 2393 a multiple of 19?
False
Is 3 a factor of 1417?
False
Is 31 a factor of 620?
True
Does 15 divide 4740?
True
Is 9 a factor of 96?
False
Is 11 a factor of 5148?
True
Is 49 a factor of 8865?
False
Is 26 a factor of 20846?
False
Does 15 divide 270?
True
Is 7 a factor of 8445?
False
Is 41 a factor of 2993?
True
Is 20 a factor of 2585?
False
Is 6 a factor of 860?
False
Is 30 a factor of 5993?
False
Does 16 divide 3440?
True
Does 17 divide 6205?
True
Is 40 a factor of 2120?
True
Does 93 divide 11346?
True
Is 2 a factor of 123?
False
Is 2170 a multiple of 15?
False
Is 555 a multiple of 14?
False
Does 36 divide 10558?
False
Is 9 a factor of 5246?
False
Is 54 even?
True
Does 118 divide 71090?
False
Does 6 divide 10393?
False
Is 28353 a multiple of 168?
False
Is 86 a factor of 28094?
False
Is 74 a factor of 457?
False
Does 12 divide 960?
True
Is 15 a factor of 8854?
False
Is 58 a factor of 32944?
True
Is 8 a factor of 4568?
True
Is 1026 a multiple of 18?
True
Is 27 a factor of 189?
True
Does 4 divide 168?
True
Is 7 a factor of 187?
False
Is 720 a multiple of 11?
False
Is 582 a multiple of 291?
True
Is 790 a multiple of 10?
True
Is 16 a factor of 5040?
True
Is 97999 a multiple of 11?
True
Is 14 a factor of 22796?
False
Does 2 divide 671?
False
Is 55 a factor of 13090?
True
Does 2 divide 4449?
False
Does 40 divide 3600?
True
Is 24 a factor of 5712?
True
Is 21 a factor of 1659?
True
Does 83 divide 6889?
True
Is 1851 a multiple of 22?
False
Is 2556 a multiple of 71?
True
Is 585 a multiple of 13?
True
Does 27 divide 2214?
True
Does 6 divide 1914?
True
Does 245 divide 22845?
False
Is 99 a factor of 1931?
False
Does 98 divide 1713?
False
Is 1140 a multiple of 38?
True
Is 6487 a multiple of 13?
True
Does 139 divide 4579?
False
Is 23 a factor of 354?
False
Is 8231 a multiple of 14?
False
Does 26 divide 23123?
False
Is 9 a factor of 146?
False
Is 456 a multiple of 4?
True
Is 464 a multiple of 16?
True
Is 19 a factor of 2846?
False
Does 103 divide 11924?
False
Is 63 a factor of 1399?
False
Is 561 a multiple of 17?
True
Is 7444 a multiple of 42?
False
Does 51 divide 51?
True
Is 8902 a multiple of 6?
False
Is 441 a multiple of 21?
True
Is 6888 a multiple of 24?
True
Does 230 divide 3833?
False
Does 85 divide 22919?
False
Is 2 a